(x) = 5*h(x) + 3*p(x). Determine q(b).
-15
Suppose -2*i - 7*u + 38 = -3*u, 4*i + 4*u - 60 = 0. Suppose 0 = -i*f + 6*f + 5. Let s(p) be the first derivative of -p**3 - p**2 + p + 1. Calculate s(f).
-4
Let g be (-8*(-3)/(-15))/((-6)/15). Suppose 24 = 4*x + 8, g*w - 5*x - 8 = 0. Let l(u) = -u**3 + 7*u**2 - 1. What is l(w)?
-1
Let i(b) = -12 + 1288*b - 2610*b + 1323*b. Let s(k) = -3*k + 1. Let v be s(-2). Give i(v).
-5
Let p(f) = 13*f**3 - 7*f**2. Let o(a) = -12*a**3 + 5*a**2. Let d(g) = 4*o(g) + 3*p(g). Calculate d(1).
-10
Suppose 4*x - 9 = n - x, -2*n + 3*x = 4. Let h(j) = -4*j**2 + 2 - j**2 - n - j**2. Let w be h(1). Let p(m) = m**3 + 4*m**2 - 2*m + 6. Calculate p(w).
-9
Let c(q) be the second derivative of q + 1/6*q**3 + 0 + 3/2*q**2. Let k(m) = -m - 2. Let x(v) = -3*c(v) - 5*k(v). Give x(-1).
-1
Let v(u) be the first derivative of -u**5/60 + u**4/4 - u**3/2 - 3*u**2 - 7. Let w(k) be the second derivative of v(k). Suppose -5*q + 1 + 19 = 0. What is w(q)?
5
Let x(s) = 10 + 0*s - 27*s**2 - 4 + 31*s**2 - 2*s. Let b(z) = 7*z**2 - 5*z + 11. Let i(d) = -3*b(d) + 5*x(d). Determine i(3).
3
Let a(j) = j**3 - 7*j**2 + 5*j + 7. Let u = -5 - 15. Let l = u + 26. Let d be a(l). Let w(g) = 4*g**2 - 1. Calculate w(d).
3
Let r(n) = 2*n**3 - 5*n**2 + 4*n - 1. Let h = -245 - -248. What is r(h)?
20
Let c(t) = -t**2 + 11*t - 5. Let z be c(9). Let v(u) = -2*u**2 + 34*u - 22. Let n be v(16). Let f(o) = -o + z - n - 6. Give f(5).
-8
Let m(d) = -2*d + 4. Let p be m(0). Let y(r) = 4*r + 1768*r**3 + 4 - 5*r**2 - 3*r - 1767*r**3 + 0*r. Determine y(p).
-8
Let g(i) = i**3 - i**2 - 5*i + 8. Let m be g(2). Let w(u) = -u**2 + 2. Determine w(m).
-2
Let s(m) = -13*m + 8. Let t(b) = 27*b - 17. Let f(h) = -13*s(h) - 6*t(h). Let q(d) = -d**3 + 3*d**2 + 4*d - 10. Let j be q(3). Calculate f(j).
12
Suppose -2*v = 2*v + 8. Let z(r) be the third derivative of -r**5/30 + 135*r**2 + 1. Give z(v).
-8
Let i(d) = d**3 - 12*d**2 + 11*d - 14. Let x be 3 + (256/(-8))/(-4). Determine i(x).
-14
Let q(p) = -1 + 3*p**3 - p**2 + 4 + 3*p**3 - 5*p - 5*p**3. Suppose 4*s - 31 + 11 = 0. Suppose -4*m + 0*m = -12, 2*m + 9 = s*l. What is q(l)?
6
Suppose p = -2*p - 12. Let o be 126/(-28)*(-4)/9. Let f(l) = 44 + 0*l - 40 + l**o - 5*l - 2*l**2. Give f(p).
8
Let m(j) = 2*j - 31. Let u(l) = -2*l + 32. Let g(r) = 3*m(r) + 2*u(r). Let x be g(14). Let o = x - 2. Let t(f) = -f**3 - f**2 + 5*f + 2. Determine t(o).
5
Suppose 7*z - 6*z = 0. Let a(n) = z*n + 1 - 2*n + 3*n. Determine a(1).
2
Let d(w) = 78*w + 78*w - 247*w + 83*w - 4 - 7*w**2 - w**3. Determine d(-6).
8
Let z(b) = b**3 + 2*b**2 - 3*b + 4. Suppose 0*r + 8 = -r. Suppose m - y = -4, 3*y = -4*m - 5 + 24. Let v be ((-4)/r*-6)/m. Give z(v).
4
Let f(l) be the first derivative of l**3/3 - 3*l**2 + 6*l - 859. What is f(4)?
-2
Suppose 25 = 5*u + m, -m = m - 10. Let a(l) = -2*l - 2 + u - 1 + 3*l**2. Suppose 5*c - 5*j = 0, -c - 32*j + 5 = -28*j. Calculate a(c).
2
Let f(d) be the first derivative of -15*d**4/4 - d - 40. Calculate f(-1).
14
Let f(l) = -3. Let o(m) = -1. Let n(b) = -f(b) + 2*o(b). Let h(d) = -2*d**2 - 2*d + 5. Let s(j) = -h(j) + n(j). Determine s(-3).
8
Let n(a) be the third derivative of -10*a**2 - 3/2*a**3 + 0*a + 0 - 1/24*a**4. Let s(u) = -u**2 - 5*u + 8. Let j be s(-7). Determine n(j).
-3
Let n(q) be the second derivative of -q**3/6 + 6*q**2 + 3*q. Suppose 2*z + 5*t = 3, 0 = -z + t + 20 - 8. Give n(z).
3
Let s(x) = -12*x**2 - x + 5*x - 1 + 7*x - 8*x - x. Let y = -1 - -2. Calculate s(y).
-11
Let b(d) be the first derivative of d**4/4 - 2*d**3 + 5*d**2/2 + 6*d - 506. Calculate b(5).
6
Suppose 3*k - 2 = 5*b + 26, -5*k - 2*b = 5. Let w(s) be the second derivative of -s**3/6 + 97*s - 37. What is w(k)?
-1
Let s be (-4)/(-3)*1*6/(-4). Let z(c) = 5*c**3 + 3*c**2. Give z(s).
-28
Let v(w) be the first derivative of -2*w + w**2 + 2 + 3*w**2 - 5*w**2. Let c be (-12)/84 - 82/14. Calculate v(c).
10
Let h(d) = 10 + 50*d**2 + 42*d - 37*d - d**3 - 44*d**2. Calculate h(7).
-4
Suppose 4 + 4 = -2*o, 5*o = -2*a - 16. Suppose -q + a*q - 6 = 4*y, -4*y = 4*q - 4. Let u(p) be the second derivative of p**3 - p**2/2 + p. Determine u(q).
11
Let y(q) = 17*q - 1. Let f be ((-3)/3)/(-1) - 0/(-11). Calculate y(f).
16
Let n(i) be the third derivative of i**5/30 - i**4/12 - i**3/6 + 4*i**2. Suppose -5*j - 5*y = -5, 2*y - 3 = -5*j + 8. Calculate n(j).
11
Let g(v) = 3*v + 1. Let r be 12*(-6)/(5 + 7). Determine g(r).
-17
Let w(f) = f**2 + 4*f + 5. Let t be (1 + -3 - -3)/(1/(-2)). Give w(t).
1
Let p(h) = h**3 + 11*h**2 - 9. Let g be p(-11). Let a be 12/(-5)*(g + 14). Let d be (-1)/(((-8)/a)/(-2)). Let t(q) = -q**2 + 3*q. Calculate t(d).
0
Let g(x) be the first derivative of 5*x**4/24 - x**3/2 - 2*x**2 + 3. Let u(h) be the second derivative of g(h). Calculate u(3).
12
Let r(u) be the first derivative of -3*u**2/2 + 9*u - 75. Give r(4).
-3
Let v(l) be the first derivative of l**4/4 - 2*l**3 - 4*l**2 + 10*l - 17. Give v(7).
3
Let x(y) be the second derivative of 2*y**2 + 0 + 27*y + 1/3*y**3 - 1/12*y**4. Determine x(4).
-4
Let x(y) = y**3 - 10*y**2 + 12*y - 5. Let v be x(9). Let t = v - 23. Let h(j) be the second derivative of -5*j**4/12 + j**3/6 - 2*j. Calculate h(t).
-6
Let y = -135 + 129. Let p(q) = -q**2 - 10*q + 2. Give p(y).
26
Let f(a) = 0*a**2 + a**2 - 75 + 84 - 17*a. Determine f(16).
-7
Let x be ((-30)/(-35))/((-44)/(-21) - 2). Let w(v) = -v**3 + 8*v**2 + 9*v - 4. What is w(x)?
-4
Let t(k) = -1 + 2*k**2 - 6776*k**3 + 6777*k**3 - 2*k**2 + 2. Determine t(-2).
-7
Let f = 20 - 19. Let h be 1/(-3) - 7/(-3). Let o(y) = y - 4*y**2 + 3 + 3*y**h - 2. What is o(f)?
1
Let w(n) = 16*n + 33. Let o(x) = -49*x - 94. Let p(b) = -6*o(b) - 17*w(b). Determine p(2).
47
Suppose -i - i = 0. Suppose -s - 2*s = i. Let v(y) = 5 - 2 + 4 - 6*y + 7*y. What is v(s)?
7
Let a(m) = -m - 3. Let s be a(-6). Let w be s + 0 + (-1 - -2). Let x(b) = -4 + b - 3*b + 4 + w. What is x(-5)?
14
Let f = -36 - -35. Let l = 3 + f. Let a(q) be the second derivative of -q**3/3 + 3*q**2/2 - 2*q. Determine a(l).
-1
Let f(h) = -23*h + 8*h**3 + 13*h**2 + 14*h**3 - 23*h**3 + 7. Let r be f(11). Let n(a) be the second derivative of a**4/6 + 7*a**3/6 + 2*a**2 + a. Give n(r).
8
Let v = 57 - 56. Suppose 2*a + 1 - v = 0. Let n(s) = 4*s**2 + 5*s + 9. Let o(i) = -i**2 - i. Let y(k) = -n(k) - 5*o(k). Determine y(a).
-9
Let y(c) = 2 + 3 - 6 + 2*c. Let a(l) = 3*l + 10. Let w be a(-3). Give y(w).
1
Let z(b) be the second derivative of -b**5/60 + b**4/24 + 3*b**3/2 + 17*b. Let p(a) be the second derivative of z(a). Give p(-2).
5
Let j(u) be the first derivative of u**3 + 0*u**2 - u + 6 + 1/4*u**4. Give j(-2).
3
Let p(i) = -3*i + 21. Let f(s) = -5*s + 32. Let j(l) = 5*f(l) - 8*p(l). Calculate j(-10).
2
Let y(k) = -k**2 + 2. Let m(u) = -4*u - 5. Let c be m(6). Let h = 39 + c. Suppose -10*q + h = -5*q. Determine y(q).
-2
Let f be -36*(-2 - (-10)/4). Let h = f + 12. Let j(g) = g**3 + 7*g**2 + 7*g + 6. Calculate j(h).
0
Let s be (-102)/27 + (-4)/18. Let a(z) = -7*z**2 + 10*z + 11. Let q(i) = 12*i**2 - 20*i - 22. Let x(w) = s*q(w) - 7*a(w). What is x(-9)?
2
Let s(n) = 13*n**2 + 20*n + 7. Let h(d) = -3*d**2 - 5*d - 2. Let r(w) = -9*h(w) - 2*s(w). Give r(-4).
0
Let w(j) = -24*j - j**3 + 7*j + 4*j**2 + 16*j - 1. Suppose -3*g + 10 = -2*p, g - p = 3*p. Calculate w(g).
-5
Let q(j) = 4*j**3 - j**2 - j + 1. Suppose -3*t + t = -4*h + 12, 0 = 3*t + 5*h - 15. Suppose 2*r - 3 = -3*w, 3*w - 5*r - 3 = -t. Calculate q(w).
3
Let i(x) = -x**3 - 37*x**2 + x + 38. Let g be i(-37). Let s(y) = 22*y**3 - y**2 + 2*y - 1. What is s(g)?
22
Let n(t) = t + 5*t + 27 - 2*t**2 - t - 11 + 0*t. Determine n(-2).
-2
Let f(b) = b**2 + 386 + 383 - 771 + 4*b. What is f(-5)?
3
Suppose c = 4*c - 6. Let o(f) = -16*f**c + 2 - 5 - f + 3. What is o(1)?
-17
Let l(k) = k**3 + 4*k**2 - k - 2. Suppose 0 = 9*r - 13*r. Suppose -2*m = -4*q - 12, -5*q - 4*m + 2*m - 24 = r. What is l(q)?
2
Let y(v) = v**3 + 5*v**2 + 2*v + 6. Let j(z) = -5*z + 11. Let b be j(3). Calculate y(b).
14
Let j be (16/10)/((-2)/(-5)). Let c(t) = -7*t**2 + 2*t**3 - j*t**3 + 6*t**2. Let p(g) = g**3 - 9*g**2 + 13*g + 8. Let w be p(7). What is c(w)?
-3
Let j be (-16)/14*203/(-58). Let b(z) = 2*z - 2. Determine b(j).
6
Let d(g) = -6*g - 1. Suppose -3*p + 2*p = -2*q - 190, 0 = 2*q + 5*p + 190. Let n = 96 + q. What is d(n)?
-7
Let 